26
What is the remainder when 122 is divided by 26?
18
What is the remainder when 323 is divided by 66?
59
Calculate the remainder when 987 is divided by 15.
12
What is the remainder when 26 is divided by 8?
2
Calculate the remainder when 271 is divided by 55.
51
What is the remainder when 227 is divided by 38?
37
What is the remainder when 970 is divided by 39?
34
Calculate the remainder when 43 is divided by 13.
4
What is the remainder when 1707 is divided by 38?
35
What is the remainder when 2768 is divided by 10?
8
What is the remainder when 1655 is divided by 46?
45
Calculate the remainder when 141 is divided by 37.
30
What is the remainder when 2254 is divided by 24?
22
What is the remainder when 458 is divided by 14?
10
Calculate the remainder when 700 is divided by 13.
11
Calculate the remainder when 207 is divided by 46.
23
Calculate the remainder when 183 is divided by 59.
6
What is the remainder when 362 is divided by 176?
10
What is the remainder when 2902 is divided by 24?
22
What is the remainder when 521 is divided by 17?
11
Calculate the remainder when 1725 is divided by 36.
33
What is the remainder when 37 is divided by 15?
7
What is the remainder when 525 is divided by 106?
101
What is the remainder when 27944 is divided by 27?
26
What is the remainder when 273 is divided by 70?
63
What is the remainder when 414 is divided by 16?
14
What is the remainder when 722 is divided by 628?
94
Calculate the remainder when 73 is divided by 13.
8
What is the remainder when 701 is divided by 8?
5
What is the remainder when 462 is divided by 112?
14
Calculate the remainder when 4757 is divided by 297.
5
Calculate the remainder when 246 is divided by 172.
74
What is the remainder when 421 is divided by 89?
65
What is the remainder when 408 is divided by 10?
8
What is the remainder when 121 is divided by 71?
50
Calculate the remainder when 1453 is divided by 274.
83
Calculate the remainder when 494 is divided by 33.
32
What is the remainder when 657 is divided by 6?
3
Calculate the remainder when 977 is divided by 8.
1
What is the remainder when 90 is divided by 17?
5
Calculate the remainder when 42 is divided by 37.
5
Calculate the remainder when 358 is divided by 40.
38
Calculate the remainder when 110 is divided by 16.
14
What is the remainder when 125 is divided by 38?
11
What is the remainder when 10 is divided by 3?
1
What is the remainder when 435 is divided by 1?
0
Calculate the remainder when 249 is divided by 51.
45
What is the remainder when 412 is divided by 69?
67
What is the remainder when 295 is divided by 40?
15
What is the remainder when 497 is divided by 30?
17
What is the remainder when 183 is divided by 6?
3
What is the remainder when 759 is divided by 15?
9
Calculate the remainder when 92 is divided by 55.
37
What is the remainder when 235 is divided by 39?
1
Calculate the remainder when 109 is divided by 11.
10
What is the remainder when 819 is divided by 58?
7
What is the remainder when 1268 is divided by 389?
101
Calculate the remainder when 2340 is divided by 4.
0
Calculate the remainder when 1179 is divided by 379.
42
Calculate the remainder when 205 is divided by 52.
49
What is the remainder when 323 is divided by 27?
26
What is the remainder when 1508 is divided by 18?
14
What is the remainder when 305 is divided by 102?
101
Calculate the remainder when 79 is divided by 16.
15
What is the remainder when 156 is divided by 11?
2
What is the remainder when 303 is divided by 18?
15
What is the remainder when 121 is divided by 31?
28
Calculate the remainder when 195 is divided by 33.
30
Calculate the remainder when 186 is divided by 49.
39
What is the remainder when 317 is divided by 164?
153
What is the remainder when 324 is divided by 7?
2
What is the remainder when 421 is divided by 198?
25
Calculate the remainder when 6502 is divided by 31.
23
Calculate the remainder when 2789 is divided by 231.
17
What is the remainder when 217 is divided by 110?
107
Calculate the remainder when 207 is divided by 190.
17
Calculate the remainder when 126 is divided by 12.
6
What is the remainder when 4507 is divided by 9?
7
What is the remainder when 1539 is divided by 311?
295
What is the remainder when 1151 is divided by 56?
31
What is the remainder when 299 is divided by 26?
13
Calculate the remainder when 1214 is divided by 32.
30
Calculate the remainder when 248 is divided by 37.
26
Calculate the remainder when 136 is divided by 23.
21
Calculate the remainder when 601 is divided by 60.
1
What is the remainder when 189 is divided by 24?
21
What is the remainder when 138 is divided by 24?
18
Calculate the remainder when 5707 is divided by 173.
171
Calculate the remainder when 6209 is divided by 90.
89
Calculate the remainder when 26 is divided by 11.
4
Calculate the remainder when 405 is divided by 24.
21
Calculate the remainder when 2786 is divided by 19.
12
Calculate the remainder when 227 is divided by 10.
7
Calculate the remainder when 7727 is divided by 48.
47
Calculate the remainder when 2339 is divided by 1156.
27
What is the remainder when 1910 is divided by 22?
18
Calculate the remainder when 335 is divided by 28.
27
Calculate the remainder when 121 is divided by 25.
21
Calculate the remainder when 155 is divided by 30.
5
Calculate the remainder when 18 is divided by 12.
6
Calculate the remainder when 39 is divided by 37.
2
Calculate the remainder when 31 is divided by 19.
12
What is the remainder when 1220 is divided by 299?
24
What is the remainder when 600 is divided by 599?
1
Calculate the remainder when 268 is divided by 75.
43
Calculate the remainder when 44 is divided by 19.
6
Calculate the remainder when 4803 is divided by 2390.
23
Calculate the remainder when 1290 is divided by 430.
0
What is the remainder when 296 is divided by 25?
21
What is the remainder when 372 is divided by 21?
15
Calculate the remainder when 1036 is divided by 26.
22
Calculate the remainder when 1544 is divided by 16.
8
What is the remainder when 1032 is divided by 47?
45
Calculate the remainder when 155 is divided by 41.
32
Calculate the remainder when 1220 is divided by 605.
10
Calculate the remainder when 102 is divided by 10.
2
Calculate the remainder when 116 is divided by 13.
12
Calculate the remainder when 481 is divided by 125.
106
What is the remainder when 249 is divided by 64?
57
Calculate the remainder when 2752 is divided by 99.
79
Calculate the remainder when 3219 is divided by 230.
229
Calculate the remainder when 367 is divided by 15.
7
Calculate the remainder when 335 is divided by 7.
6
Calculate the remainder when 341 is divided by 38.
37
What is the remainder when 169 is divided by 9?
7
What is the remainder when 241 is divided by 55?
21
Calculate the remainder when 369 is divided by 124.
121
What is the remainder when 117 is divided by 17?
15
What is the remainder when 294 is divided by 7?
0
What is the remainder when 1055 is divided by 23?
20
What is the remainder when 2347 is divided by 47?
44
What is the remainder when 135 is divided by 42?
9
Calculate the remainder when 69 is divided by 7.
6
What is the remainder when 122 is divided by 29?
6
What is the remainder when 8439 is divided by 9?
6
Calculate the remainder when 3558 is divided by 26.
22
Calculate the remainder when 191 is divided by 32.
31
Calculate the remainder when 98 is divided by 56.
42
What is the remainder when 515 is divided by 14?
11
What is the remainder when 371 is divided by 6?
5
Calculate the remainder when 969 is divided by 25.
19
What is the remainder when 562 is divided by 113?
110
What is the remainder when 292 is divided by 59?
56
Calculate the remainder when 3009 is divided by 252.
237
What is the remainder when 30 is divided by 13?
4
What is the remainder when 183 is divided by 6?
3
What is the remainder when 5543 is divided by 33?
32
What is the remainder when 205 is divided by 10?
5
Calculate the remainder when 21 is divided by 6.
3
Calculate the remainder when 92 is divided by 56.
36
What is the remainder when 859 is divided by 72?
67
What is the remainder when 98 is divided by 34?
30
What is the remainder when 65 is divided by 42?
23
What is the remainder when 375 is divided by 42?
39
Calculate the remainder when 2016 is divi